- 80224. Is h composite?
False
Let r(s) be the first derivative of 116*s**3/3 - s + 2. Suppose 5*d = -i - 2, 4*i - 8 = 4*d + 8. Is r(d) a prime number?
False
Suppose -20 = 12*d - 11*d. Let n = 183 - d. Is n composite?
True
Let n = -1558 - -1057. Let m = n + 1010. Is m a composite number?
False
Let q be ((-12)/(-10))/((-3)/10). Let b(a) = -35*a + 7. Let p be b(q). Let k = p - 94. Is k a composite number?
False
Let j(f) = f**3 + 5*f**2 + f - 10. Let a be j(-4). Suppose w = -a*v + 498, v - 5*v + 5*w = -1024. Is v a composite number?
False
Let l(o) = 62*o - 1. Let s(c) = -c + 1. Suppose 0 = -3*h - 2*g - 3*g + 16, 2*h - 6 = -g. Let j(m) = h*s(m) - l(m). Is j(-4) a composite number?
True
Suppose -14*a + 325831 = -3*a. Is a a composite number?
True
Suppose -6*v + 3*v + 12 = 0. Let t(w) = -2*w**2 - 13*w - 6. Let q be t(-6). Suppose -v*y = -q*y - 948. Is y composite?
True
Let x(u) = u**2 - 7*u + 6. Let c be x(4). Let j(i) be the third derivative of i**5/5 - 7*i**4/24 + 5*i**3/6 - 2*i**2 + 5. Is j(c) prime?
True
Suppose -18*l = -28*l + 59110. Is l composite?
True
Suppose 0*h + h + 3 = -4*k, 0 = -k + 2*h - 3. Is k + -49*(-3 - 11) a composite number?
True
Let j(g) = g**3 + g**2 - g + 23. Suppose 95 - 365 = 6*o. Let s be 6/10 - (-27)/o. Is j(s) composite?
False
Let t = 1563 + -688. Let g = t - 390. Is g a prime number?
False
Suppose -3*n + n + 49682 = 0. Is n a composite number?
False
Is (-4)/(-4)*4197/6*2 a composite number?
False
Let d(w) be the third derivative of 109*w**4/12 - 11*w**3/6 + 25*w**2. Is d(14) a prime number?
True
Is 16 - -4619 - (-2 + 0) a composite number?
False
Suppose -2*a + 126450 = h, 10 = 3*h - 2. Is a composite?
True
Let a(y) = 17*y**2 + 7*y + 101. Is a(-11) composite?
False
Let y be (12/(-8) - -1)*2. Let c be 1050/5 - y/1. Let i = 377 - c. Is i prime?
False
Suppose 0 = 7*x - 0. Suppose -v + 5*f + 187 = 0, x*f = 4*v + f - 748. Is v a prime number?
False
Suppose -5*r = -13 + 3. Suppose -r*p + 16 + 8 = 0. Is (4/3)/(p/3114) composite?
True
Let h = 4 - 1. Let l be (h/(-2))/(-3)*0. Suppose -4*j + 5*j - 14 = l. Is j a composite number?
True
Let m = -26791 - -38042. Is m a prime number?
True
Let r = 136 - 137. Is 6470*((-15)/(-10) + r) prime?
False
Let l(c) = -5*c - 11. Let v be l(10). Let k be v*4*1/(-2). Is k/2 - (-3 + 6) a prime number?
False
Suppose h = -5*x - 27, -2*h - 24 = -h + 2*x. Let m = -22 - h. Suppose m = 4*r + c - 1514, 0 = -2*r - 5*c + 405 + 343. Is r a composite number?
False
Suppose 0 = -h + 40 - 38. Suppose h*a + 3*a - 745 = 0. Is a composite?
False
Let o(c) = -c - 3. Let v be o(-5). Suppose 3*w - v*g = -w + 1192, 0 = -4*w - 4*g + 1192. Is w prime?
False
Let z = -494 - -794. Let w = -29 + 1282. Let h = w - z. Is h a composite number?
False
Suppose -8 = -g + 5*g. Let b be 0/(-1) - 1 - g. Is 5 + -4 + (b - -207) prime?
False
Let h(b) = -b - 12. Let s be h(-9). Let j be s/15 - (-11)/5. Suppose 3*v - 3445 = -5*o - 777, -j*o + 4*v + 1062 = 0. Is o a composite number?
True
Is (-5202718)/(-185) + 4/80*4 prime?
True
Suppose -4*t + 8 = 4*v - 16, v + 2*t - 6 = 0. Suppose 7*b + v*b = 31135. Is b a composite number?
True
Let p(d) be the first derivative of -3*d**2/2 + 16*d - 1. Let w be (1 - -1*5) + (-2907)/171. Is p(w) a prime number?
False
Suppose -34*y = -29*y - 25. Suppose y*x - 214 = 4*x. Is x a composite number?
True
Suppose 2*b = 3*d - 22, 0*b - 4*b + 4 = 0. Suppose -2*k = 5*y - 4906, 4*k - 9844 = 6*y - d*y. Is k a prime number?
False
Let f(y) = -5*y + 39. Let m be f(5). Suppose -m*l = -25*l + 2585. Is l a prime number?
False
Let u(f) = -74*f**3 - 3*f**2 + 5*f - 3. Let t be u(-4). Suppose -11*g = -6*g - t. Is g composite?
True
Suppose 581 = -4*t + z - 2*z, 2*t + 4*z = -280. Let v be ((2 - t) + -3)/1. Suppose 0 = -0*p + p - v. Is p composite?
True
Let t(i) = -37*i + 2. Let g = 8 - 17. Is t(g) prime?
False
Suppose 60*k - 58*k - 6866 = 0. Is k a composite number?
False
Let f(j) = j**3 + 2*j**2 + 3*j + 4. Is f(3) a prime number?
False
Suppose 210 = 5*y - 5*a, 8 = 5*a - 7. Suppose 0 = -2*p + 109 + y. Is p prime?
False
Is (733/(-6)*2)/(3/(-27)) a composite number?
True
Let m(k) = -k**3 - 5*k**2 - 15*k - 15. Suppose 0 = -5*h - 6*y + 3*y - 76, -h = 2*y + 18. Is m(h) composite?
True
Let v = -40375 - -56912. Is v prime?
False
Let v(j) = -j**3 + 13*j**2 + 17*j + 5. Let r be v(14). Let s = -24 + r. Is s a composite number?
False
Suppose 4*i = 363 + 365. Let r = i + -108. Suppose 5*c + 4*d - r = 2173, 5*c - 2261 = 3*d. Is c prime?
False
Suppose -5*c = -48 + 3. Is 12104/12 - (-3)/c a prime number?
True
Suppose m + n = -5, 0*n = -n - 3. Let z(f) be the second derivative of -11*f**5/20 + f**4/4 + f**3/3 - f**2/2 - 30*f. Is z(m) a prime number?
False
Let b(u) = 45*u**2 - 19*u - 57. Is b(16) a composite number?
False
Is (7115/6)/5*(64 + 254) a prime number?
False
Is 4699/185*(687*1 + -2) a prime number?
False
Let r(c) = 287*c + 13. Let v be r(8). Suppose u - 5*w = -0*w + 2301, -3*w = -u + v. Is u a composite number?
True
Let z(k) = 217*k**3 + 4*k**2 - 2*k + 10. Let h = -47 - -50. Is z(h) a prime number?
False
Let w = -292 + 739. Is w composite?
True
Suppose -4*t = -2*m - 16, m - 8 = -4*m - 2*t. Is 0 + m - 4403/(-17) a prime number?
False
Is ((-7)/4)/((-111)/4884) a composite number?
True
Suppose 20 = 4*u, -5*v + 670 = -4*u + 6*u. Let f(t) = 41*t - 195. Let j be f(9). Suppose -3*l = 3*a - v, 4*l + 9*a = 4*a + j. Is l prime?
False
Suppose 1017 = 3*l - 6*l. Suppose 5*h = -6 - 9, 2*g + 94 = -2*h. Let r = g - l. Is r a prime number?
False
Let k = 83 + 480. Is k a composite number?
False
Suppose 3*v + 4*r = 17, -4*v - 5*r = -3*r - 16. Suppose -2*s + 5*z + 878 = v*z, 3*z - 868 = -2*s. Is s a composite number?
True
Let w = -469 - -1836. Is w a composite number?
False
Is 2/(4*(4 - 77148/19288)) a prime number?
True
Let k(w) be the first derivative of 7*w**4/12 + w**3/2 - w**2/2 + w + 1. Let h(i) be the first derivative of k(i). Is h(-3) a prime number?
True
Let u = 35 - 30. Suppose c = -2*c - t + 5020, -u*c + 8370 = 5*t. Is c a prime number?
False
Suppose -41*m + 36*m + 39145 = 0. Is m composite?
False
Let u be (-4)/(-14) - (-48)/28. Suppose 3*z + 3*m - 24 = 0, 0*z + 2*z = 4*m - u. Suppose 8*h - 645 = z*h. Is h a composite number?
True
Let t be -15*(-44)/12 + -3. Let p(w) = -1 - 1 + t*w**2 + 7*w - 10*w + 33*w**2. Is p(-1) prime?
False
Suppose 0 = -5*i - 2*c + 155271, 0 = 2*i + 2*c - 16360 - 45746. Is i a composite number?
True
Let o(t) = -9*t + 74. Let n be o(8). Suppose i = -5*r + 57, -n*i + r = 2*r - 132. Is i prime?
True
Suppose 13*c - 13218 = 7*c. Is c a prime number?
True
Let j be ((-1 - -1) + 0)/2. Suppose j*s = q - 4*s - 10, -3*q = -2*s - 40. Is q a prime number?
False
Let d be 2*(2 - -1)*16/6. Is 2/(d/15674) + 6/(-24) a prime number?
False
Let x = -52700 - -84547. Is x composite?
False
Let z be (1 - -1)/(14/28). Suppose -8 = z*r - 5*r. Let l(j) = j**2 + 13*j - 5. Is l(r) a composite number?
False
Is (5 + -4 + -2)/((-5)/5755) a prime number?
True
Let q = 47 - 42. Suppose 66 + 369 = q*l. Is l a composite number?
True
Is 0 - (-7)/((-21)/(-753)) prime?
True
Let f(n) = -10*n**3 - n**2 - 3*n - 1. Let d(a) = -a**3 - 2*a - 3. Let q be d(0). Is f(q) prime?
True
Let q = 49505 - 402. Is q prime?
True
Let o = -28 + 24. Let l be o/10 - (-2454)/(-15). Let r = -69 - l. Is r composite?
True
Suppose -4*i + 18 = 2*x, 1 = 4*i - 2*x - 13. Suppose i*v = 71 - 11. Is v a composite number?
True
Suppose -7*o - 56 = -3*o. Let p be (-6)/(-21) - 52/o. Suppose 2*h - 55 = 2*a - 249, -h = -p*a + 388. Is a a prime number?
True
Suppose 0 = u - 2838 - 4941. Is u a composite number?
True
Let r = -35 - -39. Suppose 5*t = -r*b + 793, -t + 155 = b + b. Is t prime?
False
Suppose -628 = 2*o - 7454. Is o a composite number?
False
Let g(f) = -98*f - 7. Let p be g(-11). Suppose 0 = -t - 4, 0 = 3*i + 2*t - 4510 + p. Is i a composite number?
True
Suppose 0 = -5*q - 3*f + 16801 + 1127, 3*q = 2*f + 10753. Suppose 27*p - 30*p + q = 0. Is p composite?
True
Let j(x) = 10*x**2 + 24*x + 4. Let d(s) = 7*s**2 + 16*s + 3. Let m be -3 + 0 + 0 - 4. Let a(y) = m*d(y) + 5*j(y). Is a(6) prime?
True
Let k be 2 + -4 - (-3)/1. Let y(a) = -21*a - k + 184*a**2 + 211*a**2 + 19*a. Is y(-2) prime?
True
Let n = 30 - 27. Suppose -i + 16 = n. Is i prime?
True
Suppose 5*i + 4*f - 7 + 27 = 0, 4*f + 12 = -3*i. Le